2505204?
2505206
In base 3, what is -1212122020211 + -10?
-1212122020221
In base 3, what is 112 - 1010?
-121
In base 14, what is -97 - 439?
-4d2
In base 16, what is cb032 + 2?
cb034
In base 12, what is 9 - 36a9?
-36a0
In base 10, what is -761 + 166?
-595
In base 13, what is 37380 + 4?
37384
In base 15, what is 6b032 - -4?
6b036
In base 9, what is -405476 + 3?
-405473
In base 10, what is 107 + 11709?
11816
In base 14, what is 26 - 3b1?
-389
In base 12, what is -1357 + -a?
-1365
In base 2, what is 10 + -100110010101101?
-100110010101011
In base 12, what is 1a75 - a?
1a67
In base 8, what is 1270060 + 5?
1270065
In base 2, what is -111110 - -100000110?
11001000
In base 2, what is -11 + -1000001101100101?
-1000001101101000
In base 13, what is -a + 2223?
2216
In base 8, what is -456 + -241?
-717
In base 4, what is 2 - 300312310?
-300312302
In base 6, what is -154334 + 22?
-154312
In base 6, what is -5 - -1201403?
1201354
In base 16, what is 21f2 + -10e?
20e4
In base 9, what is 3 + -144101?
-144087
In base 3, what is 12 - 2010100021120?
-2010100021101
In base 3, what is 12200020 - 2000202?
10122111
In base 3, what is -20010 - -1?
-20002
In base 10, what is -5 - -20745?
20740
In base 7, what is 1251234 - 1?
1251233
In base 2, what is -110100101 + 101101100100?
100110111111
In base 15, what is -43524 + 1?
-43523
In base 7, what is -125504 + 12?
-125462
In base 9, what is -25 + 25617?
25582
In base 13, what is 4655 - -2c?
4684
In base 9, what is 0 - 42567?
-42567
In base 3, what is -2022002 + 21?
-2021211
In base 7, what is 1632603 - 11?
1632562
In base 7, what is 20020140 + -2?
20020135
In base 11, what is -a29 + 8?
-a21
In base 4, what is 2301320 - 3?
2301311
In base 15, what is 22b37 - 0?
22b37
In base 16, what is 5 + 1698?
169d
In base 13, what is 22a - 75a?
-530
In base 16, what is 3af + -61a?
-26b
In base 3, what is 2110220 + -1022?
2102121
In base 8, what is 405543 - -12?
405555
In base 8, what is -7412 + 35?
-7355
In base 3, what is 21021 - 1121?
12200
In base 3, what is -1011202 + -2212020?
-11000222
In base 15, what is 3b5e + 0?
3b5e
In base 2, what is -1110001000100001 - -101?
-1110001000011100
In base 8, what is -25 + -1125?
-1152
In base 2, what is 11010 - 1011001111?
-1010110101
In base 4, what is 11111112 - -1110?
11112222
In base 7, what is 4 + -1103260?
-1103253
In base 3, what is 2000 - 2200021200?
-2200012200
In base 3, what is -10 - -1000201222?
1000201212
In base 2, what is 101 - -1101001100110000011?
1101001100110001000
In base 3, what is 1012 + -22202112?
-22201100
In base 4, what is 10000132 + -23?
10000103
In base 14, what is 39ab + 17c?
3b49
In base 14, what is 33 + 60?
93
In base 9, what is 16 + 166030?
166046
In base 6, what is 122 - -22103?
22225
In base 13, what is -583b + 13?
-5828
In base 11, what is 3a533 + -4?
3a52a
In base 14, what is 29b4 - -2?
29b6
In base 16, what is a03 - 3c?
9c7
In base 6, what is 2452 + 414?
3310
In base 5, what is -11421 - 44?
-12020
In base 6, what is 1123 - -33014?
34141
In base 6, what is 1252315 + -2?
1252313
In base 7, what is -10 + -12122?
-12132
In base 13, what is 4 + -20cc?
-20c8
In base 14, what is -d - 3c5?
-3d4
In base 5, what is 104033 + -4440?
44043
In base 4, what is 0 + 330131123?
330131123
In base 14, what is -7c + -26da?
-2778
In base 15, what is -685a - -4?
-6856
In base 15, what is -486 - ade?
-1075
In base 14, what is -8 - -8828?
8820
In base 7, what is -160 - -1412?
1222
In base 12, what is -8 - -551b?
5513
In base 4, what is 12 + -323112020?
-323112002
In base 2, what is 101001000110100 - 10011?
101001000100001
In base 14, what is 1c + 1c0?
1dc
In base 13, what is 3423 - -7?
342a
In base 8, what is 2 + 32743?
32745
In base 9, what is -3 - -182834?
182831
In base 9, what is 545 + -717?
-162
In base 2, what is 1000 + 10000111101011?
10000111110011
In base 14, what is 287d + 8?
2887
In base 6, what is -511 + 200?
-311
In base 7, what is -20252165 - 0?
-20252165
In base 16, what is -b3ba - -34?
-b386
In base 12, what is -283b1 - 5?
-283b6
In base 14, what is -a + 12b67?
12b5b
In base 9, what is -16310 - -50?
-16250
In base 11, what is 3aa3 - 133?
3970
In base 11, what is 138 - 2810?
-2683
In base 12, what is -376a - -40?
-372a
In base 10, what is -4 - -659?
655
In base 14, what is -3 + -1250?
-1253
In base 11, what is -15134 - 13?
-15147
In base 15, what is -b - 3a497?
-3a4a3
In base 11, what is 5 + 4807?
4811
In base 11, what is -10 - -1688?
1678
In base 4, what is -2232 - 1223030?
-1231322
In base 8, what is -30 - -1225?
1175
In base 5, what is -2 + 2223404?
2223402
In base 15, what is -2561 - 7?
-2568
In base 5, what is 0 + -141243144?
-141243144
In base 3, what is -11212112000100 + -2?
-11212112000102
In base 14, what is 4 + -2b84?
-2b80
In base 6, what is 5 + 214523?
214532
In base 11, what is 5 - -34a64?
34a69
In base 3, what is -12 - 221122112122?
-221122112211
In base 5, what is -3122 + -3333?
-12010
In base 5, what is 300321 - 34?
300232
In base 6, what is -352215 - -315?
-351500
In base 8, what is 4003 + -53?
3730
In base 2, what is 101100000001 - 110?
101011111011
In base 7, what is 21 + -253504?
-253453
In base 5, what is -4 - 3213112?
-3213121
In base 12, what is 0 + -90926?
-90926
In base 6, what is 140 - -21112?
21252
In base 5, what is 4 + -140113?
-140104
In base 8, what is -3076566 + -4?
-3076572
In base 12, what is -ab73 + 1a9?
-a986
In base 16, what is -c795 + -2?
-c797
In base 12, what is 11 - 14a1?
-1490
In base 13, what is 13c417 - -1?
13c418
In base 10, what is 4 - 14773?
-14769
In base 15, what is 8 - 17c?
-174
In base 8, what is -17447 + 11?
-17436
In base 14, what is 8c - 4c?
40
In base 8, what is 0 - 3154021?
-3154021
In base 5, what is 44042444 - -4?
44043003
In base 9, what is -12455 + -28?
-12484
In base 9, what is 37407 - -50?
37457
In base 13, what is -95ac2 + 0?
-95ac2
In base 15, what is b + 39e?
3aa
In base 10, what is -28 - 12936?
-12964
In base 9, what is 171426 - 23?
171403
In base 6, what is -101 - 53303?
-53404
In base 16, what is -76e0a + 2?
-76e08
In base 7, what is 4511 - -464?
5305
In base 4, what is -101020032 + -11?
-101020103
In base 15, what is b40 - 1?
b3e
In base 6, what is -1051513 + 1?
-1051512
In base 13, what is 3 - -260a5?
260a8
In base 13, what is 3a9a - 96?
3a04
In base 8, what is 120 - 5552?
-5432
In base 15, what is 334da - -1?
334db
In base 14, what is 5 - -3074?
3079
In base 12, what is -3 + -4a8a5?
-4a8a8
In base 6, what is 311 + -22551?
-22240
In base 16, what is -2d0 - -6f?
-261
In base 5, what is 340100 + 13?
340113
In base 8, what is -3 - -3670?
3665
In base 10, what is -5 - -987?
982
In base 14, what is -3 - -69a68?
69a65
In base 9, what is 80752 + -3?
80748
In base 15, what is -b167 + -a?
-b172
In base 14, what is -107d9 - -1?
-107d8
In base 10, what is 128 + 20289?
20417
In base 13, what is -55 + -c69?
-cc1
In base 5, what is -43243 - -3?
-43240
In base 2, what is 11010 + 1101110111100001?
1101110111111011
In base 3, what is 2 - 100000100?
-100000021
In base 10, what is 195 + -31?
164
In base 13, what is -23 - 19b2c?
-19b52
In base 7, what is -610422 - -5?
-610414
In base 16, what is 6cc - 5b?
671
In base 10, what is 5 - -80202?
80207
In base 9, what is -4534814 - -3?
-4534811
In base 6, what is 1434214 + -3?
1434211
In base 2, what is 1000110 - 1100001110?
-1011001000
In base 3, what is -12111201011 - -12?
-12111200222
In base 14, what is -8b84a5 - 3?
-8b84a8
In base 3, what is -2021021 + -102?
-2021200
In base 7, what is -60 + 106253?
106163
In base 14, what is -5 - -26c1?
26ba
In base 5, what is 1 - -10012?
10013
In base 9, what is -620771 + 0?
-620771
In base 11, what is -4a3 - 15a?
-652
In base 4, what is 12 - 100303?
-100231
In base 3, what is -122 + -122212202211?
-122212210110
In base 10, what is 1151 + 4507?
5658
In base 5, what is 42021 - 10024?
31442
In base 16, what is -3e4b + 2?
-3e49
In base 15, what is 2 + 35019?
3501b
In base 10, what is 8330 - 22?
8308
In base 13, what is -1 - c140?
-c141
In base 11, what is 789 - 1a?
76a
In base 9, what is 6 + -178540?
-178533
In base 8, what is -265 + -654?
-1141
In base 7, what is -34433 - -4?
-34426
In base 5, what is 11 + 40322224?
40322240
In base 14, what is -8747 - 4?
-874b
In base 9, what is -1 + -11241?
-11242
In base 4, what is -10020203 + -2